alculate y(-48).
-1334
Let k(r) = -14*r**3 - 28*r**2 + 170*r - 174. What is k(6)?
-3186
Let b(g) = g**3 + 264*g**2 + 3029*g + 1266. Calculate b(-252).
6
Let c(x) = -10233*x + 266075. Give c(26).
17
Let q(t) = -23752*t - 2398919. What is q(-101)?
33
Let c(n) = n**3 + 19*n**2 + 106*n + 261. Give c(-10).
101
Let i(g) = -44*g**2 + 6852*g + 80721. Give i(-11).
25
Let l(m) = 3*m**2 - 8*m + 335. Determine l(-9).
650
Let x(m) = -m**2 + 2767*m - 54936. What is x(20)?
4
Let d(f) = -f**3 - 31*f**2 + 137*f + 484. Determine d(0).
484
Let p(s) = -s**3 - 62*s**2 + 8846*s - 400. Determine p(68).
8
Let r(k) = -10565*k + 10586. Determine r(1).
21
Let k(u) = 9952*u + 109580. What is k(-11)?
108
Let l(c) = -952*c - 49307. What is l(-52)?
197
Let g(y) = 2*y**3 + 37*y**2 - 88*y - 64. What is g(-20)?
496
Let a(m) = -291*m - 8694. Give a(-33).
909
Let w(d) = d**3 - 428*d**2 + 2018*d + 7. Give w(5).
-478
Let y(t) = 8488*t + 712856. Calculate y(-84).
-136
Let o(r) = r**3 - 476*r**2 - 1427*r - 4805. Determine o(479).
-15
Let j(h) = 11191*h + 123221. What is j(-11)?
120
Let r(d) = 5*d**2 - 35*d - 706. Calculate r(-13).
594
Let v(s) = -s**2 - 139*s + 24147. Give v(102).
-435
Let f(v) = -26*v**3 - 97*v**2 + 437*v - 318. Calculate f(1).
-4
Let f(r) = -43*r**2 - 2662*r + 17691. What is f(-68)?
-125
Let o(l) = l**3 - 1385*l**2 + 385613*l + 408. What is o(386)?
22
Let h(c) = -1372*c - 164635. Calculate h(-120).
5
Let g(f) = -27*f**3 - 643*f**2 + 118*f - 42. Give g(-24).
6
Let u(d) = -3*d**3 - 285*d**2 - 298*d - 641. What is u(-94)?
863
Let s(t) = -663*t**2 + 3607*t + 2235. Determine s(6).
9
Let r(g) = -3*g**2 + 1399*g + 119963. Determine r(-74).
9
Let a(n) = 686*n - 8368. What is a(12)?
-136
Let l(n) = 7*n**3 + 14*n**2 - 76*n - 237. What is l(-3)?
-72
Let f(i) = -73719*i + 1326939. Give f(18).
-3
Let d(z) = 8381*z + 41899. Give d(-5).
-6
Let i(v) = -46*v**3 + 43*v**2 + 134*v - 8. Calculate i(-3).
1219
Let q(a) = -188*a + 59732. Determine q(317).
136
Let f(n) = -13*n**2 - 70*n + 166807. Give f(-116).
-1
Let r(z) = z**3 - 20*z**2 - 276*z + 5443. Give r(21).
88
Let z(o) = -2*o**3 + 15*o**2 + 874*o + 18. What is z(25)?
-7
Let h(c) = c**3 - 185*c**2 - 652*c - 56632. What is h(190)?
-12
Let s(i) = 4987*i - 9750. Give s(2).
224
Let m(w) = 24653*w - 6557690. Give m(266).
8
Let l(j) = -9*j**3 + 197*j**2 + 58*j - 797. Calculate l(22).
-5
Let u(q) = -4*q**2 + 298*q + 7513. Determine u(-24).
-1943
Let k(a) = -a**3 - 628*a**2 - 94643*a - 4008. Calculate k(-251).
8
Let c(l) = 17323*l - 260059. Determine c(15).
-214
Let k(z) = -z**2 - 2800*z + 59187. Determine k(21).
-54
Let r(g) = 3584*g - 78728. What is r(22)?
120
Let w(j) = -41*j**2 - 1209*j + 3302. Give w(-32).
6
Let w(g) = 87405*g - 349626. What is w(4)?
-6
Let n(g) = -g**3 + 204*g**2 - 279*g + 15430. Calculate n(203).
2
Let m(f) = -131*f + 7785. Determine m(63).
-468
Let v(c) = 258*c + 76375. Calculate v(-296).
7
Let c(y) = -165*y**2 + 1622*y + 64. Determine c(10).
-216
Let h(j) = j**3 - 190*j**2 - 2513*j + 17986. Determine h(202).
8
Let r(k) = 336*k + 5544. Give r(-14).
840
Let h(g) = -319*g**3 - g**2 - 27*g + 25. Determine h(1).
-322
Let u(t) = t**3 - 39*t**2 + 324*t + 28. Calculate u(29).
1014
Let u(v) = -428*v**2 - v + 2. Give u(1).
-427
Let l(f) = -12*f**2 + 173*f + 686. Calculate l(20).
-654
Let t(b) = 23*b**2 + 260*b - 1441. Calculate t(5).
434
Let l(z) = z**3 + 185*z**2 + 917*z + 3043. What is l(-180)?
-17
Let h(q) = 4*q**2 + 43787*q - 350210. Give h(8).
342
Let q(h) = -3*h**2 + 65*h + 27979. Give q(108).
7
Let m(y) = y**3 + 50*y**2 + 38*y - 94. Calculate m(-49).
445
Let c(a) = -90*a**3 + 812*a**2 - 997*a + 8777. What is c(9)?
-34
Let z(r) = -r**2 - 313*r - 24088. What is z(-135)?
-58
Let d(r) = -87*r**3 + 872*r**2 - 26*r + 52. What is d(10)?
-8
Let n(o) = -67471*o - 1484467. Give n(-22).
-105
Let k(t) = -99*t**3 - 24851*t**2 - 498*t + 1020. Give k(-251).
16
Let i(o) = o**2 + 81*o + 337. What is i(-6)?
-113
Let l(a) = a**3 + 47*a**2 + 270*a - 158. Give l(-40).
242
Let a(f) = 22*f**2 + 767*f + 3047. Determine a(-4).
331
Let q(v) = v**3 + 102*v**2 + 1027*v + 72263. Calculate q(-99).
-7
Let c(l) = 7332*l - 146625. Calculate c(20).
15
Let u(k) = -25*k**3 + 1182*k**2 - 296*k - 1565. Give u(47).
-14
Let l(a) = 6*a - 268. Calculate l(13).
-190
Let t(d) = -20*d**3 + 375*d**2 - 269*d - 25. What is t(18)?
-7
Let x(q) = 35*q**2 - 816*q + 218. What is x(23)?
-35
Let r(b) = -2094*b + 154. What is r(0)?
154
Let l(n) = -7*n**2 + n + 195. Calculate l(-7).
-155
Let m(f) = 3*f**3 - 129*f**2 - 123*f - 491. Determine m(44).
-95
Let d(u) = 24*u**2 - 454*u + 1251. What is d(3)?
105
Let w(s) = -4*s**3 + 222*s**2 + 1625*s - 163. Calculate w(62).
643
Let j(p) = -2*p**3 - 19*p**2 + 47182*p + 424724. Determine j(-9).
5
Let d(g) = g**3 - 130*g**2 + 4294*g - 5643. Calculate d(60).
-3
Let r(z) = -56*z**3 - 176*z**2 + 74. Determine r(-3).
2
Let s(f) = -3141*f - 496411. Give s(-158).
-133
Let i(t) = -77*t + 3910. Determine i(60).
-710
Let o(q) = -159*q + 12015. Give o(73).
408
Let l(a) = a**3 + 213*a**2 + 841*a + 1042. Determine l(-209).
-3
Let l(x) = -502465*x - 3517266. Give l(-7).
-11
Let n(u) = -3*u**3 + 9*u**2 - u + 73. Determine n(8).
-895
Let x(b) = 408*b**2 - 3010*b - 23. Give x(8).
2009
Let v(s) = 115712*s + 347157. Give v(-3).
21
Let n(l) = 3*l**2 + 168*l + 1561. Calculate n(-16).
-359
Let a(r) = 2998*r + 863414. Determine a(-288).
-10
Let a(k) = 24297*k + 24453. What is a(-1)?
156
Let q(n) = 4*n**3 - 212*n**2 - 112*n - 5439. Determine q(54).
177
Let a(w) = -4*w**2 - 682944*w - 3414621. Calculate a(-5).
-1
Let p(h) = h**3 - 143*h**2 - 4786*h - 490. Give p(171).
-148
Let c(o) = -13*o**2 + 2611*o - 2175. Calculate c(200).
25
Let z(w) = -45*w**2 + 50*w + 253. Calculate z(-6).
-1667
Let l(q) = -46*q**2 - 921*q - 45. Give l(-19).
848
Let y(n) = -174*n**3 - 20*n + 31. What is y(2)?
-1401
Let h(t) = 423112*t - 17770706. Calculate h(42).
-2
Let s(i) = 13*i**3 + 392*i**2 + 804*i + 605. Calculate s(-28).
45
Let o(a) = -52*a + 4714. Calculate o(138).
-2462
Let z(o) = -2*o**2 + 3372*o + 1105468. Determine z(-281).
14
Let i(a) = -21735*a + 1651857. Calculate i(76).
-3
Let u(k) = -2371*k - 26512. Determine u(-11).
-431
Let c(m) = -36767*m + 257352. What is c(7)?
-17
Let i(j) = 9*j**2 + 275*j - 1421. Calculate i(-35).
-21
Let g(n) = -4*n**3 + 1657*n**2 - 356*n - 24020. Determine g(414).
-8
Let v(c) = 7504*c - 315049. Determine v(42).
119
Let j(g) = 527*g - 21259. Determine j(44).
1929
Let c(q) = 700*q - 41328. What is c(59)?
-28
Let g(u) = 204*u + 69729. Give g(-336).
1185
Let r(p) = -2501*p - 7819. Give r(-3).
-316
Let d(v) = -2*v**3 + 33*v**2 + 16*v + 129. Determine d(15).
1044
Let r(d) = -12*d**3 - 16*d**2 - 241*d - 494. Determine r(-2).
20
Let a(n) = 52*n**2 - 557*n - 8190. Calculate a(19).
-1
Let f(n) = -22*n**2 + 478*n - 951. Give f(2).
-83
Let c(x) = -x**3 - 147*x**2 - 2097*x - 143. Give c(-16).
-127
Let p(r) = -8*r**3 - 1267*r**2 + 2086*r + 968. Calculate p(-160).
8
Let l(d) = 49*d**2 + 3548*d - 2109. Give l(-73).
8
Let i(c) = 1482*c + 1176710. What is i(-794)?
2
Let y(h) = 2*h**3 - 38*h**2 + 985*h - 8029. What is y(10)?
21
Let k(m) = 9*m**3 - 6663*m**2 + 2141*m + 58466. What is k(740)?
6
Let k(q) = -q**2 + 104*q - 697. Calculate k(7).
-18
Let f(y) = -12*y**3 + 11*y**2 - 69*y + 124. Determine f(3).
-308
Let z(l) = -2*l**3 - 28*l**2 - 5*l - 495. Give z(-15).
30
Let f(s) = 22*s**2 - 549*s + 1156. Determine f(2).
146
Let y(f) = -30*f**2 - 918*f - 101. Determine y(-30).
439
Let y(q) = 7*q**3 - 70*q**2 - 547*q + 5478. Calculate y(10).
8
Let q(r) = r**3 - 52*r**2 + 4415*r - 209130. Determine q(49).
2
Let u(r) = 644*r + 9047. Calculate u(-14).
31
Let z(d) = 47*d**2 + 22*d + 43. What is z(-2)?
187
Let m(g) = 12*g**3 + 98*g**2 + 334*g + 2598. Calculate m(-8).
54
Let y(u) = -305*u**3 + 19823*u**2 + 128*u + 122. Determine y(65).
-8
Let n(o) = 74*o**2 - 323*o + 1777. What is n(6)?
2503
Let q(h) = 50*h**2 - 312*h + 16. Calculate q(6).
-56
Let f(t) = 3322*t - 451797. What is f(136)?
-5
Let d(v) = 4064*v + 24378. Calculate d(-6).
-6
Let n(k) = -7*k**2 - 154*k - 319. What is n(-15)?
416
Let s(a) = -18*a**2 - 16921*a + 16931. Calculate s(1).
-8
Let g(q) = 4*q**3 + 296*q**2 + 255*q + 967. Give g(-73).
3668
Let n(b) = 210*b**2 - 674*b - 664. What is n(-1)?
220
Let x(y) 